{"version":"1.0","provider_name":"Three Fathers Memorial","provider_url":"https:\/\/www.threefathersmemorial.ca\/fr\/","author_name":"threefathersmemorial","author_url":"https:\/\/www.threefathersmemorial.ca\/fr\/author\/threefathersmemorial\/","title":"Avis \u00e0 tous les marcheurs et coureurs! - Three Fathers Memorial","type":"rich","width":600,"height":338,"html":"<blockquote class=\"wp-embedded-content\" data-secret=\"r2hggsaytY\"><a href=\"https:\/\/www.threefathersmemorial.ca\/fr\/avis-a-tous-les-marcheurs-et-coureurs\/\">Avis \u00e0 tous les marcheurs et coureurs!<\/a><\/blockquote><iframe sandbox=\"allow-scripts\" security=\"restricted\" src=\"https:\/\/www.threefathersmemorial.ca\/fr\/avis-a-tous-les-marcheurs-et-coureurs\/embed\/#?secret=r2hggsaytY\" width=\"600\" height=\"338\" title=\"\u00ab\u00a0Avis \u00e0 tous les marcheurs et coureurs!\u00a0\u00bb &#8212; Three Fathers Memorial\" data-secret=\"r2hggsaytY\" frameborder=\"0\" marginwidth=\"0\" marginheight=\"0\" scrolling=\"no\" class=\"wp-embedded-content\"><\/iframe><script type=\"text\/javascript\">\n\/* <![CDATA[ *\/\n\/*! This file is auto-generated *\/\n!function(d,l){\"use strict\";l.querySelector&&d.addEventListener&&\"undefined\"!=typeof URL&&(d.wp=d.wp||{},d.wp.receiveEmbedMessage||(d.wp.receiveEmbedMessage=function(e){var t=e.data;if((t||t.secret||t.message||t.value)&&!\/[^a-zA-Z0-9]\/.test(t.secret)){for(var s,r,n,a=l.querySelectorAll('iframe[data-secret=\"'+t.secret+'\"]'),o=l.querySelectorAll('blockquote[data-secret=\"'+t.secret+'\"]'),c=new RegExp(\"^https?:$\",\"i\"),i=0;i<o.length;i++)o[i].style.display=\"none\";for(i=0;i<a.length;i++)s=a[i],e.source===s.contentWindow&&(s.removeAttribute(\"style\"),\"height\"===t.message?(1e3<(r=parseInt(t.value,10))?r=1e3:~~r<200&&(r=200),s.height=r):\"link\"===t.message&&(r=new URL(s.getAttribute(\"src\")),n=new URL(t.value),c.test(n.protocol))&&n.host===r.host&&l.activeElement===s&&(d.top.location.href=t.value))}},d.addEventListener(\"message\",d.wp.receiveEmbedMessage,!1),l.addEventListener(\"DOMContentLoaded\",function(){for(var e,t,s=l.querySelectorAll(\"iframe.wp-embedded-content\"),r=0;r<s.length;r++)(t=(e=s[r]).getAttribute(\"data-secret\"))||(t=Math.random().toString(36).substring(2,12),e.src+=\"#?secret=\"+t,e.setAttribute(\"data-secret\",t)),e.contentWindow.postMessage({message:\"ready\",secret:t},\"*\")},!1)))}(window,document);\n\/\/# sourceURL=https:\/\/www.threefathersmemorial.ca\/wp-includes\/js\/wp-embed.min.js\n\/* ]]> *\/\n<\/script>\n","thumbnail_url":"https:\/\/www.threefathersmemorial.ca\/wp-content\/uploads\/sites\/47\/2023\/04\/savethedatefrench.png","thumbnail_width":960,"thumbnail_height":1200,"description":"Nous sommes honor\u00e9s d'annoncer que l'inscription est maintenant ouverte pour notre prochaine Course comm\u00e9morative pour trois p\u00e8res qui se tiendra \u00e0 nouveau en personne le 18 juin 2023. Cet \u00e9v\u00e9nement est d\u00e9di\u00e9 \u00e0 honorer et \u00e0 se souvenir de trois h\u00e9ros locaux qui ont donn\u00e9 leur vie au service de notre communaut\u00e9. Notre marche\/course est [&hellip;]"}

Avis à tous les marcheurs et coureurs! - Three Fathers Memorial

<blockquote class="wp-embedded-content" data-secret="r2hggsaytY"><a href="https://www.threefathersmemorial.ca/fr/avis-a-tous-les-marcheurs-et-coureurs/">Avis à tous les marcheurs et coureurs!</a></blockquote><iframe sandbox="allow-scripts" security="restricted" src="https://www.threefathersmemorial.ca/fr/avis-a-tous-les-marcheurs-et-coureurs/embed/#?secret=r2hggsaytY" width="600" height="338" title="« Avis à tous les marcheurs et coureurs! » &#8212; Three Fathers Memorial" data-secret="r2hggsaytY" frameborder="0" marginwidth="0" marginheight="0" scrolling="no" class="wp-embedded-content"></iframe><script type="text/javascript">
/* <![CDATA[ */
/*! This file is auto-generated */
!function(d,l){"use strict";l.querySelector&&d.addEventListener&&"undefined"!=typeof URL&&(d.wp=d.wp||{},d.wp.receiveEmbedMessage||(d.wp.receiveEmbedMessage=function(e){var t=e.data;if((t||t.secret||t.message||t.value)&&!/[^a-zA-Z0-9]/.test(t.secret)){for(var s,r,n,a=l.querySelectorAll('iframe[data-secret="'+t.secret+'"]'),o=l.querySelectorAll('blockquote[data-secret="'+t.secret+'"]'),c=new RegExp("^https?:$","i"),i=0;i<o.length;i++)o[i].style.display="none";for(i=0;i<a.length;i++)s=a[i],e.source===s.contentWindow&&(s.removeAttribute("style"),"height"===t.message?(1e3<(r=parseInt(t.value,10))?r=1e3:~~r<200&&(r=200),s.height=r):"link"===t.message&&(r=new URL(s.getAttribute("src")),n=new URL(t.value),c.test(n.protocol))&&n.host===r.host&&l.activeElement===s&&(d.top.location.href=t.value))}},d.addEventListener("message",d.wp.receiveEmbedMessage,!1),l.addEventListener("DOMContentLoaded",function(){for(var e,t,s=l.querySelectorAll("iframe.wp-embedded-content"),r=0;r<s.length;r++)(t=(e=s[r]).getAttribute("data-secret"))||(t=Math.random().toString(36).substring(2,12),e.src+="#?secret="+t,e.setAttribute("data-secret",t)),e.contentWindow.postMessage({message:"ready",secret:t},"*")},!1)))}(window,document);
//# sourceURL=https://www.threefathersmemorial.ca/wp-includes/js/wp-embed.min.js
/* ]]> */
</script>

Nous sommes honorés d'annoncer que l'inscription est maintenant ouverte pour notre prochaine Course commémorative pour trois pères qui se tiendra à nouveau en personne le 18 juin 2023. Cet événement est dédié à honorer et à se souvenir de trois héros locaux qui ont donné leur vie au service de notre communauté. Notre marche/course est [&hellip;]
